{"id":20,"date":"2016-10-02T18:59:41","date_gmt":"2016-10-02T16:59:41","guid":{"rendered":"http:\/\/www.kb-ohnemus.de\/?page_id=20"},"modified":"2024-01-07T14:52:15","modified_gmt":"2024-01-07T12:52:15","slug":"sicherungsringspender","status":"publish","type":"page","link":"https:\/\/www.kb-ohnemus.de\/?page_id=20","title":{"rendered":"Mechanischer Ringspender MRS"},"content":{"rendered":"\n<h2 class=\"wp-block-heading\"><strong>Mechanischer Spender f\u00fcr Sicherungsringe DIN 471 und DIN 472 (Seegerringe)<\/strong><\/h2>\n\n\n\n<p><strong>Zur h\u00e4ndischen Entnahme mit einer Sicherungsringzange<br>\n<\/strong><\/p>\n\n\n\n<ul class=\"wp-block-list\">\n<li><a href=\"https:\/\/www.kb-ohnemus.de\/wp-content\/uploads\/2018\/11\/MRS-42-10.png\"><img loading=\"lazy\" decoding=\"async\" class=\"alignright size-medium wp-image-601\" src=\"https:\/\/www.kb-ohnemus.de\/wp-content\/uploads\/2018\/11\/MRS-42-10-225x300.png\" alt=\"\" width=\"225\" height=\"300\" srcset=\"https:\/\/www.kb-ohnemus.de\/wp-content\/uploads\/2018\/11\/MRS-42-10-225x300.png 225w, https:\/\/www.kb-ohnemus.de\/wp-content\/uploads\/2018\/11\/MRS-42-10.png 673w\" sizes=\"auto, (max-width: 225px) 85vw, 225px\" \/><\/a>Federmechanik, das Entnehmen eines Ringes bringt den folgenden automatisch in Abholstellung<\/li>\n\n\n\n<li>Entnehmen mit handels\u00fcblicher Sicherungsringzange, also mit der, mit der der Ring dann auch montiert wird<\/li>\n\n\n\n<li>ohne Steuerung, Stromversorgung &#8230;<\/li>\n\n\n\n<li>Die Grundmechanik wird am Arbeitsplatz befestigt, die Anpassung&nbsp; an verschiedene Ringgr\u00f6\u00dfen erfolgt durch Wechselmagazine<\/li>\n\n\n\n<li>Wechselmagazin f\u00fcr ca. 200 Ringe DIN 471 (Welle) oder DIN 472 (Bohrung), m\u00f6gliche Durchmesser von \u00f85 bis \u00f860. Gr\u00f6\u00dfere Durchmesser mit ge\u00e4nderter Grundmechanik oder spezielle Ringe auf Anfrage<\/li>\n\n\n\n<li>Durch die Anordnung der Einstellschrauben am Wechselmagazin werden diese beim Tausch des Magazins mit gewechselt. Die Mechanik muss anschlie\u00dfend nicht neu justiert werden<\/li>\n\n\n\n<li>alle Teile verzinkt<\/li>\n<\/ul>\n\n\n\n<p><a href=\"https:\/\/www.kb-ohnemus.de\/wp-content\/uploads\/2018\/11\/MRS_Maszblatt_Anleitung.pdf\">Download Ma\u00dfblatt<\/a><\/p>\n\n\n<div class=\"wp-block-image\">\n<figure class=\"alignright\"><a href=\"https:\/\/www.kb-ohnemus.de\/wp-content\/uploads\/2018\/12\/MRS4.jpg\"><img loading=\"lazy\" decoding=\"async\" width=\"150\" height=\"150\" src=\"https:\/\/www.kb-ohnemus.de\/wp-content\/uploads\/2018\/12\/MRS4-150x150.jpg\" alt=\"\" class=\"wp-image-768\"\/><\/a><\/figure>\n<\/div>\n\n<div class=\"wp-block-image\">\n<figure class=\"alignright\"><a href=\"https:\/\/www.kb-ohnemus.de\/wp-content\/uploads\/2018\/12\/MRS3.jpg\"><img loading=\"lazy\" decoding=\"async\" width=\"150\" height=\"150\" src=\"https:\/\/www.kb-ohnemus.de\/wp-content\/uploads\/2018\/12\/MRS3-150x150.jpg\" alt=\"\" class=\"wp-image-767\"\/><\/a><\/figure>\n<\/div>\n\n<div class=\"wp-block-image\">\n<figure class=\"alignright\"><a href=\"https:\/\/www.kb-ohnemus.de\/wp-content\/uploads\/2018\/12\/MRS2.jpg\"><img loading=\"lazy\" decoding=\"async\" width=\"150\" height=\"150\" src=\"https:\/\/www.kb-ohnemus.de\/wp-content\/uploads\/2018\/12\/MRS2-150x150.jpg\" alt=\"\" class=\"wp-image-766\"\/><\/a><\/figure>\n<\/div>\n\n<div class=\"wp-block-image\">\n<figure class=\"alignright\"><a href=\"https:\/\/www.kb-ohnemus.de\/wp-content\/uploads\/2018\/12\/MRS1.jpg\"><img loading=\"lazy\" decoding=\"async\" width=\"150\" height=\"150\" src=\"https:\/\/www.kb-ohnemus.de\/wp-content\/uploads\/2018\/12\/MRS1-150x150.jpg\" alt=\"\" class=\"wp-image-765\"\/><\/a><\/figure>\n<\/div>\n\n\n<h2 class=\"wp-block-heading\">Preise:<\/h2>\n\n\n\n<ul class=\"wp-block-list\">\n<li>Grundmechanik: 499,00\u20ac zzgl. MwSt.<\/li>\n\n\n\n<li>Wechselmagazin pro Durchmesser: 249,00\u20ac zzgl. MwSt.<\/li>\n<\/ul>\n\n\n\n<p><strong>Weitere Infos, CAD-Daten und Bestellung unter <span class=\"pep-email\">info(Replace this parenthesis with the @ sign)kb-ohnemus.de<\/span> oder telefonisch unter +497823\/961238-0<\/strong><\/p>\n\n\n\n<h2 class=\"wp-block-heading\">Spektrum:<\/h2>\n\n\n<div class=\"wp-block-image\">\n<figure class=\"alignright\"><a href=\"https:\/\/www.kb-ohnemus.de\/wp-content\/uploads\/2018\/11\/MRS-60-00.png\"><img loading=\"lazy\" decoding=\"async\" width=\"225\" height=\"300\" src=\"https:\/\/www.kb-ohnemus.de\/wp-content\/uploads\/2018\/11\/MRS-60-00-225x300.png\" alt=\"\" class=\"wp-image-599\" srcset=\"https:\/\/www.kb-ohnemus.de\/wp-content\/uploads\/2018\/11\/MRS-60-00-225x300.png 225w, https:\/\/www.kb-ohnemus.de\/wp-content\/uploads\/2018\/11\/MRS-60-00.png 673w\" sizes=\"auto, (max-width: 225px) 85vw, 225px\" \/><\/a><figcaption class=\"wp-element-caption\">Mechanischer Sicherungsringspender MRS mit Magazin f\u00fcr Wellensicherungsringe DIN471 \u00f860<\/figcaption><\/figure>\n<\/div>\n\n<div class=\"wp-block-image\">\n<figure class=\"alignright\"><a href=\"https:\/\/www.kb-ohnemus.de\/wp-content\/uploads\/2018\/11\/MRS-42-10.png\"><img loading=\"lazy\" decoding=\"async\" width=\"225\" height=\"300\" src=\"https:\/\/www.kb-ohnemus.de\/wp-content\/uploads\/2018\/11\/MRS-42-10-225x300.png\" alt=\"\" class=\"wp-image-601\" srcset=\"https:\/\/www.kb-ohnemus.de\/wp-content\/uploads\/2018\/11\/MRS-42-10-225x300.png 225w, https:\/\/www.kb-ohnemus.de\/wp-content\/uploads\/2018\/11\/MRS-42-10.png 673w\" sizes=\"auto, (max-width: 225px) 85vw, 225px\" \/><\/a><figcaption class=\"wp-element-caption\">Mechanischer Sicherungsringspender MRS mit Magazin f\u00fcr Bohrungssicherungsringe DIN472 \u00f842<\/figcaption><\/figure>\n<\/div>\n\n<div class=\"wp-block-image\">\n<figure class=\"alignright\"><a href=\"https:\/\/www.kb-ohnemus.de\/wp-content\/uploads\/2018\/11\/MRS-06-00.png\"><img loading=\"lazy\" decoding=\"async\" width=\"225\" height=\"300\" src=\"https:\/\/www.kb-ohnemus.de\/wp-content\/uploads\/2018\/11\/MRS-06-00-225x300.png\" alt=\"\" class=\"wp-image-598\" srcset=\"https:\/\/www.kb-ohnemus.de\/wp-content\/uploads\/2018\/11\/MRS-06-00-225x300.png 225w, https:\/\/www.kb-ohnemus.de\/wp-content\/uploads\/2018\/11\/MRS-06-00.png 673w\" sizes=\"auto, (max-width: 225px) 85vw, 225px\" \/><\/a><figcaption class=\"wp-element-caption\">Mechanischer Sicherungsringspender MRS mit Magazin f\u00fcr Wellensicherungsringe DIN471 \u00f86<\/figcaption><\/figure>\n<\/div>\n\n\n<h2 class=\"wp-block-heading\">Funktion:<\/h2>\n\n\n\n<p>Mechanischer Sicherungsringspender MRS mit Magazin f\u00fcr Wellensicherungsringe DIN471 \u00f812:<\/p>\n\n\n\n<p><iframe loading=\"lazy\" src=\"https:\/\/www.youtube.com\/embed\/vYsuAOjTNmo\" allowfullscreen=\"allowfullscreen\" width=\"840\" height=\"630\" frameborder=\"0\"><span style=\"display: inline-block; width: 0px; overflow: hidden; line-height: 0;\" data-mce-type=\"bookmark\" class=\"mce_SELRES_start\">\ufeff<\/span><span style=\"display: inline-block; width: 0px; overflow: hidden; line-height: 0;\" data-mce-type=\"bookmark\" class=\"mce_SELRES_start\">\ufeff<\/span><\/iframe><\/p>\n\n\n\n<p>Mechanischer Sicherungsringspender MRS mit Magazin f\u00fcr Wellensicherungsringe DIN471 \u00f88:<\/p>\n\n\n\n<p><iframe loading=\"lazy\" src=\"https:\/\/www.youtube.com\/embed\/XjtYMrq4auc\" allowfullscreen=\"allowfullscreen\" width=\"840\" height=\"630\" frameborder=\"0\"><span style=\"display: inline-block; width: 0px; overflow: hidden; line-height: 0;\" data-mce-type=\"bookmark\" class=\"mce_SELRES_start\">\ufeff<\/span><\/iframe><\/p>\n\n\n\n<p>Spender f\u00fcr Sicherungsringe DIN471 Welle \u00f810:<\/p>\n\n\n\n<p><iframe loading=\"lazy\" src=\"https:\/\/www.youtube.com\/embed\/qQs4hEk4g8g\" allowfullscreen=\"allowfullscreen\" width=\"840\" height=\"630\" frameborder=\"0\"><\/iframe><\/p>\n\n\n\n<p>Spender f\u00fcr Sicherungsringe DIN472 Bohrung \u00f826:<\/p>\n\n\n\n<p><iframe loading=\"lazy\" src=\"https:\/\/www.youtube.com\/embed\/0MdfNSMCU68\" allowfullscreen=\"allowfullscreen\" width=\"840\" height=\"630\" frameborder=\"0\"><\/iframe><\/p>\n\n\n\n<p>Spender f\u00fcr Sicherungsringe DIN471 Welle \u00f825:<\/p>\n\n\n\n<p><iframe loading=\"lazy\" src=\"https:\/\/www.youtube.com\/embed\/Q0jAs-je7TQ\" allowfullscreen=\"allowfullscreen\" width=\"840\" height=\"630\" frameborder=\"0\"><span style=\"display: inline-block; width: 0px; overflow: hidden; line-height: 0;\" data-mce-type=\"bookmark\" class=\"mce_SELRES_start\">\ufeff<\/span><\/iframe><\/p>\n\n\n\n<p>Spender f\u00fcr Sicherungsringe DIN472 Bohrung \u00f842:<\/p>\n\n\n\n<p><iframe loading=\"lazy\" src=\"https:\/\/www.youtube.com\/embed\/XZEM1Cqa5oc\" allowfullscreen=\"allowfullscreen\" width=\"840\" height=\"630\" frameborder=\"0\"><\/iframe><\/p>\n","protected":false},"excerpt":{"rendered":"<p>Mechanischer Spender f\u00fcr Sicherungsringe DIN 471 und DIN 472 (Seegerringe) Zur h\u00e4ndischen Entnahme mit einer Sicherungsringzange Download Ma\u00dfblatt Preise: Weitere Infos, CAD-Daten und Bestellung unter info(Replace this parenthesis with the @ sign)kb-ohnemus.de oder telefonisch unter +497823\/961238-0 Spektrum: Funktion: Mechanischer Sicherungsringspender MRS mit Magazin f\u00fcr Wellensicherungsringe DIN471 \u00f812: \ufeff\ufeff Mechanischer Sicherungsringspender MRS mit Magazin f\u00fcr Wellensicherungsringe &hellip; <a href=\"https:\/\/www.kb-ohnemus.de\/?page_id=20\" class=\"more-link\"><span class=\"screen-reader-text\">\u201eMechanischer Ringspender MRS\u201c <\/span>weiterlesen<\/a><\/p>\n","protected":false},"author":1,"featured_media":0,"parent":9,"menu_order":0,"comment_status":"closed","ping_status":"closed","template":"","meta":{"footnotes":""},"class_list":["post-20","page","type-page","status-publish","hentry"],"_links":{"self":[{"href":"https:\/\/www.kb-ohnemus.de\/index.php?rest_route=\/wp\/v2\/pages\/20","targetHints":{"allow":["GET"]}}],"collection":[{"href":"https:\/\/www.kb-ohnemus.de\/index.php?rest_route=\/wp\/v2\/pages"}],"about":[{"href":"https:\/\/www.kb-ohnemus.de\/index.php?rest_route=\/wp\/v2\/types\/page"}],"author":[{"embeddable":true,"href":"https:\/\/www.kb-ohnemus.de\/index.php?rest_route=\/wp\/v2\/users\/1"}],"replies":[{"embeddable":true,"href":"https:\/\/www.kb-ohnemus.de\/index.php?rest_route=%2Fwp%2Fv2%2Fcomments&post=20"}],"version-history":[{"count":38,"href":"https:\/\/www.kb-ohnemus.de\/index.php?rest_route=\/wp\/v2\/pages\/20\/revisions"}],"predecessor-version":[{"id":926,"href":"https:\/\/www.kb-ohnemus.de\/index.php?rest_route=\/wp\/v2\/pages\/20\/revisions\/926"}],"up":[{"embeddable":true,"href":"https:\/\/www.kb-ohnemus.de\/index.php?rest_route=\/wp\/v2\/pages\/9"}],"wp:attachment":[{"href":"https:\/\/www.kb-ohnemus.de\/index.php?rest_route=%2Fwp%2Fv2%2Fmedia&parent=20"}],"curies":[{"name":"wp","href":"https:\/\/api.w.org\/{rel}","templated":true}]}}